{"id":13,"date":"2024-01-02T16:39:28","date_gmt":"2024-01-02T15:39:28","guid":{"rendered":"https:\/\/www.69mhz.se\/Badminton\/?page_id=13"},"modified":"2025-08-30T16:40:53","modified_gmt":"2025-08-30T14:40:53","slug":"om-mig","status":"publish","type":"page","link":"https:\/\/www.69mhz.se\/index.php\/om-mig\/","title":{"rendered":"Om mig &#8211; SA7KEA"},"content":{"rendered":"<h1 class=\"wp-block-heading\">Min bakgrund<\/h1>\r\n<!-- \/wp:post-content -->\r\n\r\n<!-- wp:paragraph -->\r\n<p>Under ett par decennier, som teknisk officer, drifth\u00f6ll jag delar av F\u00f6rsvarsmaktens sambandssystem. B\u00e5de b\u00e4rbara, mobila och station\u00e4ra radioutrustningar och system. Mitt specialomr\u00e5de var rikst\u00e4ckande system f\u00f6r fj\u00e4rrskrift och telex.<\/p>\r\n<p>Flera av mina arbetskamrater var s\u00e4ndareamat\u00f6rer. Men, det var inget som lockade. Jag fick mitt radiointresse v\u00e4l tillgodosett i arbetet. Mina fritidsintressen har haft en dragning \u00e5t utomhusaktiviteter som jakt, fiske, fotografering, hundar och motorcyklar. Som gammal pension\u00e4r k\u00f6pte jag en 69 MHz (kris-) radio.<\/p>\r\n<h2>Mobiltelefont\u00e4ckning<\/h2>\r\n<p>D\u00e4r jag bor har vi d\u00e5lig t\u00e4ckning med mobiltelefon. \u00c5ker jag mer \u00e4n en 300 meter norrut s\u00e5 \u00e4r det ingen mobilt\u00e4ckning alls. Men jag kan ha &#8221;f\u00f6rbindelse med hemmet&#8221; med min 69 MHz utrustning. Varje dag, \u00e5ret runt r\u00f6r mig i skog och mark f\u00f6r att g\u00e5 med mina hundar, plocka svamp eller jaga. D\u00e5 ger min radioutrustning m\u00f6jlighet till kommunikation och trygghet.<\/p>\r\n<h2 class=\"wp-block-heading\">Min 69 MHz utrustning<\/h2>\r\n<h3>I bilen<\/h3>\r\n<!-- \/wp:paragraph -->\r\n\r\n<!-- wp:paragraph -->\r\n<p>Jag k\u00f6pte en Anytone AT-5189 66-88 MHZ 25W och en \u00bc \u03bb antenn Sirio MGA 55\u2013550 \/S ett s.k. kvartv\u00e5gsspr\u00f6t och en programmeringskabel till radion.<\/p>\r\n<!-- \/wp:paragraph -->\r\n\r\n<!-- wp:paragraph \/-->\r\n\r\n<!-- wp:paragraph -->\r\n<p><strong>Anytone:<\/strong> <a href=\"https:\/\/www.anytone.net\/video\/products-detail-935124\">https:\/\/www.anytone.net\/video\/products-detail-935124<\/a><\/p>\r\n<!-- \/wp:paragraph -->\r\n\r\n<!-- wp:paragraph -->\r\n<p><strong>Sirio:<\/strong> Antennen jag valde var ett \u00bc spr\u00f6t fr\u00e5n det italienska f\u00f6retaget Sirio. Enligt anvisningarna fr\u00e5n Sirio \u00e4r den nu kapad till 101,3 mm. <a href=\"https:\/\/www.sirioantenne.it\/en\/products\/vhf\/mga-55-550-mga-108-550\">https:\/\/www.sirioantenne.it\/en\/products\/vhf\/mga-55-550-mga-108-550<\/a><\/p>\r\n<p>Antennen fr\u00e5n Sirio bytte jag sedan till en 5\/8 fr\u00e5n Komunica.<\/p>\r\n<p><strong>Komunica:<\/strong> <a href=\"https:\/\/komunicapower.com\/en\/80-mhz\/1059-ma-1501-komunica-vhf-mobile-58-movil-49-88mhz-144-174mhz-adjust-8435757703546.html\">https:\/\/komunicapower.com\/en\/80-mhz\/1059-ma-1501-komunica-vhf-mobile-58-movil-49-88mhz-144-174mhz-adjust-8435757703546.html<\/a><\/p>\r\n<h3>P\u00e5 skrivbordet<\/h3>\r\n<p>Min b\u00e4rbara apparat \u00e4r en Wouxun KG-T59 66-88 MHz.<\/p>\r\n<p><strong>Wouxun:<\/strong> <a href=\"https:\/\/www.wouxun.com\/radios\/KG-T59.aspx\">https:\/\/www.wouxun.com\/radios\/KG-T59.aspx<\/a><\/p>\r\n<h1>SA7KEA<\/h1>\r\n<h2>Tidigare anrop (Call) 67-1 G<\/h2>\r\n<p>Under tiden med 69 MHz radion i bilen s\u00e5 hade jag anropet 67-1 G (Gustav). Det \u00e4r l\u00e5nat fr\u00e5n rakelzon 67, dvs Kronobergs l\u00e4n och ett \u00e4r V\u00e4xj\u00f6. G st\u00e5r f\u00f6r Granhult. Hade en del lokala och regionala kontakter och &#8221;k\u00f6rde&#8221; \u00e4ven \u00d6land och Gotland. Pratade \u00e4ven med n\u00e5gra s\u00e4ndaramat\u00f6rer.\u00a0<\/p>\r\n<h3>Certifikatet<\/h3>\r\n<p>Jag k\u00e4nde mig lite f\u00e5nig med min &#8221;hitta p\u00e5&#8221; anropssignal. Under 2024 best\u00e4mde jag mig f\u00f6r att bli etablerad radioamat\u00f6r och ta ett certifikat och f\u00e5 ett riktigt call. N\u00e5gra kunskaper om telegrafi kr\u00e4vs inte numera. S\u00e5 det handlar &#8221;bara&#8221; om ell\u00e4ra, radioteknik, radiotrafik och s\u00e4kerhet. De kunskaperna hade jag ju genom mitt tidigare arbete.<\/p>\r\n<p>Har kallats Kea av mina f\u00f6r\u00e4ldrar, skolkamraterna, l\u00e4rarna, konfirmationspr\u00e4sten, arbetskamrater, min fru och mina anst\u00e4llda. I dag heter jag Kea \u00e4ven om det ocks\u00e5 st\u00e5r Carl-Erik p\u00e5 m\u00e5nga officiella dokument. S\u00e5 suffixet KEA p\u00e5 anropssignalen var given.<\/p>\r\n<p>Lade ner en hel del timmar p\u00e5 studierna under h\u00f6sten 2024. Allt man beh\u00f6ver kunna finns samlade i dokument, som kan laddas ner fr\u00e5n SSA.<\/p>\r\n<p>F\u00f6r att f\u00e5 ett grepp om de fr\u00e5gor som finns p\u00e5 provet f\u00f6r certifikatet kan du g\u00e5 in p\u00e5 SSA hemsida f\u00f6r \u00f6vningsprov och prova dina kunskaper. G\u00e5 f\u00f6rst in och skapa ett konto. <a href=\"https:\/\/examen.ssa.se\/login\/index.php\">https:\/\/examen.ssa.se\/login\/index.php.<\/a><\/p>\r\n<p>Tillg\u00e5ngen till provfr\u00e5gorna g\u00f6r att du kan, efterhand som du pluggar kontrollera dina kunskaper och sedan komplettera d\u00e4r du anser att du har brister.<\/p>\r\n<p>Provet f\u00f6r certifikatet sker hos n\u00e5gon lokalklubb i n\u00e4rheten till d\u00e4r du bor.<\/p>\r\n<div id=\"attachment_664\" style=\"width: 650px\" class=\"wp-caption aligncenter\"><img loading=\"lazy\" decoding=\"async\" aria-describedby=\"caption-attachment-664\" class=\"wp-image-664 size-large\" src=\"https:\/\/www.69mhz.se\/wp-content\/uploads\/2025\/02\/SK7HW-The-Shack-1024x805.jpg\" alt=\"\" width=\"640\" height=\"503\" srcset=\"https:\/\/www.69mhz.se\/wp-content\/uploads\/2025\/02\/SK7HW-The-Shack-1024x805.jpg 1024w, https:\/\/www.69mhz.se\/wp-content\/uploads\/2025\/02\/SK7HW-The-Shack-300x236.jpg 300w, https:\/\/www.69mhz.se\/wp-content\/uploads\/2025\/02\/SK7HW-The-Shack-768x604.jpg 768w, https:\/\/www.69mhz.se\/wp-content\/uploads\/2025\/02\/SK7HW-The-Shack-1536x1207.jpg 1536w, https:\/\/www.69mhz.se\/wp-content\/uploads\/2025\/02\/SK7HW-The-Shack-2048x1610.jpg 2048w\" sizes=\"auto, (max-width: 640px) 100vw, 640px\" \/><p id=\"caption-attachment-664\" class=\"wp-caption-text\">SK7HW The Shack.<\/p><\/div>\r\n<p>Bilden \u00e4r fr\u00e5n Krobergs S\u00e4ndareamat\u00f6rers klubbstuga Sundet i V\u00e4xj\u00f6 d\u00e5 jag gjorde mitt prov 2024-01-25.<\/p>\r\n<!-- \/wp:paragraph -->\r\n\r\n<!-- wp:paragraph -->\r\n<div class=\"wp-block-group alignfull\" style=\"margin-top: 0; margin-bottom: 0; padding: var(--wp--preset--spacing--50);\">\r\n<div class=\"wp-block-columns alignwide are-vertically-aligned-center\">\r\n<div class=\"wp-block-column is-vertically-aligned-center\" style=\"flex-basis: 50%;\"><!-- \/wp:paragraph -->\r\n\r\n<!-- wp:buttons -->\r\n<div class=\"wp-block-buttons\"><!-- wp:button \/-->\r\n\r\n<!-- wp:button {\"className\":\"is-style-outline\"} --><\/div>\r\n<\/div>\r\n<!-- \/wp:button --><\/div>\r\n<!-- \/wp:buttons --><\/div>\r\n<!-- \/wp:group -->","protected":false},"excerpt":{"rendered":"<p>Min bakgrund Under ett par decennier, som teknisk officer, drifth\u00f6ll jag delar av F\u00f6rsvarsmaktens sambandssystem. B\u00e5de b\u00e4rbara, mobila och station\u00e4ra radioutrustningar och system. Mitt specialomr\u00e5de var rikst\u00e4ckande system f\u00f6r fj\u00e4rrskrift och telex. Flera av mina arbetskamrater var s\u00e4ndareamat\u00f6rer. Men, det &hellip; <a href=\"https:\/\/www.69mhz.se\/index.php\/om-mig\/\">Forts\u00e4tt l\u00e4sa <span class=\"meta-nav\">&rarr;<\/span><\/a><\/p>\n","protected":false},"author":1,"featured_media":0,"parent":0,"menu_order":75,"comment_status":"closed","ping_status":"closed","template":"","meta":{"footnotes":""},"class_list":["post-13","page","type-page","status-publish","hentry"],"_links":{"self":[{"href":"https:\/\/www.69mhz.se\/index.php\/wp-json\/wp\/v2\/pages\/13","targetHints":{"allow":["GET"]}}],"collection":[{"href":"https:\/\/www.69mhz.se\/index.php\/wp-json\/wp\/v2\/pages"}],"about":[{"href":"https:\/\/www.69mhz.se\/index.php\/wp-json\/wp\/v2\/types\/page"}],"author":[{"embeddable":true,"href":"https:\/\/www.69mhz.se\/index.php\/wp-json\/wp\/v2\/users\/1"}],"replies":[{"embeddable":true,"href":"https:\/\/www.69mhz.se\/index.php\/wp-json\/wp\/v2\/comments?post=13"}],"version-history":[{"count":6,"href":"https:\/\/www.69mhz.se\/index.php\/wp-json\/wp\/v2\/pages\/13\/revisions"}],"predecessor-version":[{"id":741,"href":"https:\/\/www.69mhz.se\/index.php\/wp-json\/wp\/v2\/pages\/13\/revisions\/741"}],"wp:attachment":[{"href":"https:\/\/www.69mhz.se\/index.php\/wp-json\/wp\/v2\/media?parent=13"}],"curies":[{"name":"wp","href":"https:\/\/api.w.org\/{rel}","templated":true}]}}